g**3 + 9*g**2 + 19*g + 35. Let x(u) = -u**3 - 3*u**2 + 196*u + 941. Let p be x(-5). Determine f(p).
2
Let i(j) = -3*j**2 - 27*j + 5. Let c = 11433 - 11445. Give i(c).
-103
Let i = 16561 - 16561. Let m(d) = -4*d**3 - 3*d**2 + d + 2. Determine m(i).
2
Let s(j) be the first derivative of 34 + 5*j - 1/2*j**2. Determine s(0).
5
Let b(l) = -324*l - 2348. Let s(d) = 59*d + 427. Let z(c) = -5*b(c) - 28*s(c). Give z(-7).
8
Suppose 6*y - 3*y = 2*q + 6, q = 3*y - 3. Let o be (7/((-21)/(-6)) - 1)*y. Let f(a) = -a**2 + a - 1. Determine f(o).
-1
Let g(i) be the first derivative of -i**4/4 - 13*i**3/3 - 11*i**2/2 + 8*i + 706. Determine g(-12).
-4
Suppose 0 = -327*y + 321*y + 180. Suppose -y = -2*m - 0*m. Let r(u) = u**3 - 14*u**2 - 14*u - 13. Give r(m).
2
Let d(y) = -y**3 + 21*y**2 - 20*y + 15. Let f = -8987 - -9007. Calculate d(f).
15
Let m(v) = -8*v**3 - 2*v + 1. Let i(a) = -13*a**3 + 2*a**2 - 5*a + 2. Let f be i(2). Let j = f + 117. Suppose j = -k + 14. Determine m(k).
-9
Let l(m) = -2*m**2 - 274*m - 3220. Let v be l(-124). Let f(q) = -22*q + 63. Calculate f(v).
-25
Let p(d) = -17*d**2 + 224*d - 36. Let l be 16891/1330 + (-9)/(-30). Give p(l).
3
Suppose 5*i - 13 = -c + 4, -4*c + 5 = -i. Let d(g) = 21*g - 53. Calculate d(c).
-11
Suppose 144 = -56*k + 62*k. Let l(t) = 70 - k*t**2 + 25*t**2 - 65 + 5*t. Calculate l(-4).
1
Suppose -4*d = -123 - 57. Let i = -48 + d. Let u(m) = 9*m + 3. Let n(g) = 3*g + 1. Let j(p) = 11*n(p) - 4*u(p). Calculate j(i).
8
Let k(y) be the second derivative of -y**7/56 + y**5/120 - y**4/24 + 5*y**3/6 - 3*y**2/2 + 7*y + 4. Let i(d) be the second derivative of k(d). Determine i(1).
-15
Let n(x) be the second derivative of x**5/20 + x**4/2 - x**3/6 - 2*x**2 + 13076*x. Let q(v) = v**2 + v. Let y be q(-2). Suppose y*s - 3*s - 6 = 0. What is n(s)?
2
Let g(z) = -z**3 + 5*z**2 - 3*z + 10. Let c(x) = 58*x - 199. Let r be c(10). Let j = 386 - r. Give g(j).
-5
Let n(o) = -2*o + 7. Let x be 5 + -1 - (-514 + 14). Suppose 6*z + x = -12. Let t = z + 91. Calculate n(t).
-3
Let v(n) = n**3 - 4*n**2 - 7*n + 3. Let q be v(5). Let k = -3 - q. Let l(o) be the second derivative of o**3/2 - 5*o**2/2 + 107*o + 39. Determine l(k).
7
Let f(a) = -18*a**2 - a. Let q(m) be the second derivative of -m**4/6 - 11*m**3/2 + 53*m**2/2 + 88*m. Let b be q(-18). What is f(b)?
-17
Let g = 149 + -145. Suppose z = 5*d - 18, g*z + 10 = 3*z + 3*d. Let a(s) = s + 4. Calculate a(z).
6
Let b(s) = 2 - 4 + 2*s - 3*s. Let p = 846 + -841. Suppose -10*k - 2*j = -6*k + 18, 5 = -p*k + j. Calculate b(k).
0
Let p = -57438 + 57444. Let s(b) be the second derivative of -b**4/12 + 7*b**3/6 - 2*b**2 - b. Determine s(p).
2
Let z(y) be the first derivative of y + 7/3*y**3 + 1/4*y**4 + 4*y**2 - 1. Suppose -4*i - 2 = p, -4*p + i - 23 = 2*i. Calculate z(p).
-11
Suppose -s = -5*s + 8. Suppose 0 = s*k - 6*k + 8. Let h(y) be the first derivative of 3*y**2/2 - 3*y + 1055. What is h(k)?
3
Let o = 23578 - 23566. Let k(w) = -2*w**3 + 25*w**2 - 11*w - 12. Give k(o).
0
Let p(s) = s - 16. Let q(l) = -10*l + 72. Let t(x) = 3*p(x) + q(x). Calculate t(3).
3
Let o(f) = -f**3 + 8*f**2 + 11*f - 13. Let s = -1228 - -825. Let g = 412 + s. What is o(g)?
5
Let i(g) = 38*g - 3. Let t(v) = 43*v - 4. Let o(y) = 8*i(y) - 7*t(y). Give o(6).
22
Let s = -57 + 12. Let q be (30/(-18) - -2)/(3/s). Let y(n) = 2*n**2 + 9*n + 12. Calculate y(q).
17
Let r(w) = 4*w**2 - 7*w - 9. Let h(t) = -3*t**2 + 8*t + 9. Let y(b) = 5*h(b) + 4*r(b). Suppose -44 = -g + 7*g - g - i, -30 = 5*i. Give y(g).
-11
Let k(i) be the third derivative of -i**4/24 - i**3 + 139*i**2. Calculate k(7).
-13
Let j(k) = -5*k + 81. Suppose -5*p + 0*p + 75 = 0. Let w be j(p). Let h(z) = 4*z - 3. Give h(w).
21
Let b(c) = -c - 1. Let w = 30 - 26. Suppose -r + 160 = 4*r + w*a, 3*r = 3*a + 96. Let f = -27 + r. Determine b(f).
-6
Let w(h) = 2*h**2 + 1. Let c(z) = z**3 + 5*z**2 + z - 4. Let g be c(-5). Let o(i) = 2*i**3 - 2*i + 4. Let k be o(2). Let f be k/g + 2/(-9). Determine w(f).
9
Suppose 34 = 4*f + 2. Let v(l) = l**3 - f*l**2 + 0 + 9*l - l + 1 - 4. Suppose 3*w = 14 + 7. What is v(w)?
4
Let w(p) be the first derivative of -p**4/6 + p**3/2 + 5*p**2/2 + 145*p + 86. Let n(g) be the first derivative of w(g). What is n(4)?
-15
Let i(p) = -2*p**2 + 26*p - 1. Let w be i(12). Let t(f) = w*f + 19 - 17 - 22*f. Determine t(4).
6
Let i(x) = 4*x. Let s(h) = 64*h + 191. Let t be s(-3). What is i(t)?
-4
Let r(s) be the second derivative of -2*s**3/3 - s**2/2 - 126*s. Let v(t) = -5*t - 2. Let g(k) = 6*r(k) - 5*v(k). What is g(-4)?
0
Let w(n) = -1 + 205*n - 196*n + 5 + 2*n**2. Determine w(-5).
9
Let n be 1/(-1)*(4 + -4). Let u(v) = v + 5*v + 0*v**2 - v**2 + n - 4. Let l = 1017 - 1012. Calculate u(l).
1
Let c(v) = -2*v - 55. Let s be c(-27). Let h = 17 - 10. Let n(u) = -h*u + 0*u + 2*u + u. Give n(s).
4
Let k(v) = -v**2 + 9*v + 6. Let x be (0 - -2)/(2/4). Suppose -3*h + 11 = -a, -h + x*h - 13 = 2*a. Let c be (2/h - (-50)/6)*1. What is k(c)?
6
Let v(u) = u**3 + 5*u + 163 + 437 + 2*u**2 - 582 + u**3. Determine v(-2).
0
Let v(u) be the second derivative of u**3/6 + 5*u**2/2 + 2*u. Suppose 16*a - 13*a = 3*n + 15, 5*a - 25 = -2*n. Let r be -8 - n - (-2 + 4 + -4). What is v(r)?
-1
Let q(w) = 7*w - 2. Let l be (15 + 531/(-36))*0. Give q(l).
-2
Suppose -60 = -4*a - 5*l + l, 2*l - 18 = -a. Let y(p) = -a + 3 - 220*p + 219*p. Determine y(-6).
-3
Let i(u) = 4*u**3 - 11*u**2 - 2*u + 5. Let f(r) = 3*r**3 - 7*r**2 - 2*r + 4. Let n(w) = 7*f(w) - 5*i(w). Let b be 133/(-38)*(1 + 1). Calculate n(b).
-18
Let x = -12 + 89. Let y(v) = v**2 + 74*v - 1 - 153*v + x*v. What is y(2)?
-1
Let g(y) = -35*y**2 - 5*y - 2. Let d(k) = 36*k**2 + 6*k + 3. Let n(v) = -4*d(v) - 5*g(v). Give n(1).
30
Let t(j) be the first derivative of -j**4/4 + 6*j**3 - 17*j**2/2 + 2*j + 1206. Give t(17).
2
Let z(m) be the third derivative of -m**6/120 + 13*m**5/60 - 7*m**4/12 - 5*m**3/6 - 2*m**2 + 80*m. Give z(12).
-29
Let a(m) be the second derivative of m**3/6 - 17*m**2/2 - 5014*m. Calculate a(8).
-9
Let c(s) = -s**3 + 2*s + 7. Let k(l) = l**2 + 184*l + 1068. Let o be k(-6). Calculate c(o).
7
Let y = 4638 + -4634. Let h(v) = -2*v**2 + 9*v + 11. Calculate h(y).
15
Let w(q) = -31*q - 205. Let p be w(-7). Let d(r) = -2*r**2 + 25*r - 6. Determine d(p).
6
Let j(n) = -3*n + 1 - 56*n**2 + 31*n**2 - 7*n + 26*n**2. Calculate j(0).
1
Let c(a) = -707*a**2 + 354*a**2 + 356*a**2 + 3087*a - 3057*a + 20. Determine c(-9).
-7
Let o(t) = -t**2 + 3*t - 2. Let v = 102 + -153. Let z = -49 - v. Suppose 8*d + z + 22 = 0. Determine o(d).
-20
Let b(m) = 5*m**3 + 7*m**2 + 6*m + 11. Let g(u) = 21*u**3 + 31*u**2 + 22*u + 45. Let j(w) = -9*b(w) + 2*g(w). What is j(-1)?
3
Let a be 16*1/(-4)*-2. Let s(d) = 3*d - 26. Let y(q) = -2*q + 17. Let i(c) = a*y(c) + 5*s(c). Let j be ((-171)/(-18) + -9)*(1 - -11). Give i(j).
0
Let j = -2720 - -2721. Let b(o) = 4*o**2 - 6*o + 6. Calculate b(j).
4
Suppose 0*k + 3*k + w - 11 = 0, 0 = 5*w + 5. Suppose k*i - 5*i + 6 = 0. Suppose 0 = -i*b + b. Let c(j) = -j + 1. Calculate c(b).
1
Let u(k) = -31*k**2 - 34*k - 1. Let r(m) = 26*m**2 + 28*m. Let z(y) = 6*r(y) + 5*u(y). Let f be (1 - -4) + 3 - 3. Give z(f).
10
Let k = 0 - -8. Let l(u) = -3*u + 1. Suppose 2*w + 4*q - 10 = 0, -3*w - 6*q = -2*q - 5. Let r(d) = -2*d + 1. Let n(j) = w*l(j) + 8*r(j). What is n(k)?
-5
Let n be 3 - 1673/140 - -9. Let j(t) be the second derivative of 1/2*t**4 - 7*t + 0*t**3 + 0 - 3/2*t**2 + n*t**5. Calculate j(-6).
-3
Let g(b) = -2*b**2 - 92*b - 267. Suppose -4*r - 182 = 2*y, 21*y - 25*y - 235 = 5*r. Calculate g(r).
-9
Suppose 5*a + 5*r = 70, a - 15*r + 11*r = 29. Let q(x) = -31*x + 2 - 5 + 0 + a*x. Give q(-2).
25
Let q(c) be the third derivative of 2*c**2 + 7 + 1/10*c**5 - 1/6*c**3 + 0*c - 1/120*c**6 - 7/24*c**4. Determine q(5).
-11
Suppose -900 = -4*u - 152. Suppose -2*g - u = 3. Let r = -97 - g. Let v(m) = -m**3 - 2*m**2 - m + 2. Give v(r).
4
Let r(d) = -1 + 69*d**2 + 1 - 23*d**2 - 51*d**2. Determine r(-3).
-45
Let m(z) be the first derivative of -25*z - 31 + 1/2*z**2 - 1/3*z**3. Give m(0).
-25
Let v(u) = -6*u + 3*u**3 - 5*u**3 - 2 + 6*u. Suppose 10*k - 11 - 19 = 0. Suppose -h = -z, 2*h = -k*z - 0 - 10. Give v(z).
14
Let m = -2/9013 - -9025/54078. Let x(t) be the second derivative of 0 + 19*t + 0*t**2 + 0*t**3 - 1/10*t**5 + m*t**4. What is x(2)?
-8
Suppos